{"id":2,"date":"2015-12-20T12:37:30","date_gmt":"2015-12-20T11:37:30","guid":{"rendered":"http:\/\/www.djupvik.se\/new\/?page_id=2"},"modified":"2023-07-01T16:18:40","modified_gmt":"2023-07-01T14:18:40","slug":"exempelsida","status":"publish","type":"page","link":"https:\/\/www.djupvik.se\/","title":{"rendered":""},"content":{"rendered":"<h1><span style=\"color: #008000;\"><strong>BODEN OCH GUNVORS STUGA <br \/>P\u00c5 DJUPVIKS G\u00c5RD<\/strong><\/span><\/h1>\n<p>Vi hyr ut tv\u00e5 stugor p\u00e5 g\u00e5rden.\u00a0<br \/>P\u00e5 g\u00e5rden finns tv\u00e5 hundar, tre katter, en kanin och n\u00e5gra ankor. Det finns \u00e4ven kor och kalvar men de flesta betar p\u00e5 en \u00f6. Ett par finns hemma.<br \/>Omr\u00e5det \u00e4r barnv\u00e4nligt, n\u00e4ra till bad, djur, vandringleder, Kolm\u00e5rdens djurpark, N\u00e4vekvarn, S\u00f6derk\u00f6ping och Nyk\u00f6ping.<br \/>Under sommaren 2023 hyr vi helst ut veckovis men det g\u00e5r \u00e4ven att hyra dygnsvis. Boden \u00e4r ca 45 m2 f\u00f6rdelad p\u00e5 tv\u00e5 v\u00e5ningar. P\u00e5 \u00f6verv\u00e5ning tv\u00e5 sovrum med totalt 5 b\u00e4ddar. P\u00e5 underv\u00e5ning k\u00f6k och badrum. Fullt utrustat f\u00f6rutom diskmaskin. Boden \u00e4r lagom f\u00f6r 2-5 personer.<br \/>Gunvors stuga \u00e4r ca 30 m2 med ett arbetsk\u00f6k, gemensamt sovrum\/vardagsrum, liten hall och litet badrum. Bekv\u00e4m b\u00e4ddsoffa och en v\u00e5ningss\u00e4ng. Gunvors stuga \u00e4r lagom f\u00f6r 1-4 personer.\u00a0<br \/>Till b\u00e5da stugorna finns tr\u00e4dg\u00e5rdsm\u00f6bel och grill. En fin badplats med l\u00e5nggrund sandstrand erbjuds och p\u00e5 klipporna p\u00e5 udden har vi byggt ett vindskydd, perfekt f\u00f6r grillning i kv\u00e4llssolen. En vedeldad bastu finns att hyra efter \u00f6nskem\u00e5l.<\/p>\n<p>Lite mer information ser du under rubriken &#8221;stugor&#8221;.<\/p>\n<div id=\"attachment_2287\" style=\"width: 310px\" class=\"wp-caption alignright\"><a href=\"http:\/\/www.djupvik.se\/wp-content\/uploads\/2019\/05\/Boden-gavel.jpg\"><img aria-describedby=\"caption-attachment-2287\" decoding=\"async\" loading=\"lazy\" class=\"wp-image-2287 size-medium\" src=\"http:\/\/www.djupvik.se\/wp-content\/uploads\/2019\/05\/Boden-gavel-300x200.jpg\" alt=\"\" width=\"300\" height=\"200\" srcset=\"https:\/\/www.djupvik.se\/wp-content\/uploads\/2019\/05\/Boden-gavel-300x200.jpg 300w, https:\/\/www.djupvik.se\/wp-content\/uploads\/2019\/05\/Boden-gavel-768x512.jpg 768w, https:\/\/www.djupvik.se\/wp-content\/uploads\/2019\/05\/Boden-gavel.jpg 1024w, https:\/\/www.djupvik.se\/wp-content\/uploads\/2019\/05\/Boden-gavel-624x416.jpg 624w\" sizes=\"(max-width: 300px) 100vw, 300px\" \/><\/a><p id=\"caption-attachment-2287\" class=\"wp-caption-text\">\u00a0 \u00a0 \u00a0 \u00a0 \u00a0 Bodens tr\u00e4dg\u00e5rd men nu med altan<\/p><\/div>\n<p>V\u00e4lkommen!<br \/>bokning@djupvik.se<\/p>\n<p><i>Magdalena och Fredrik Svahn<br \/>Stina och Karl-Johan med barnen<\/i><br \/><i>Erik, John och Sigrid<\/i><\/p>\n<div id=\"attachment_64\" style=\"width: 290px\" class=\"wp-caption alignleft\"><a href=\"http:\/\/www.djupvik.se\/wp-content\/uploads\/2014\/01\/Boden3.jpg\"><img aria-describedby=\"caption-attachment-64\" decoding=\"async\" loading=\"lazy\" class=\" wp-image-64\" src=\"http:\/\/www.djupvik.se\/wp-content\/uploads\/2014\/01\/Boden3-300x225.jpg\" alt=\"\" width=\"280\" height=\"210\" srcset=\"https:\/\/www.djupvik.se\/wp-content\/uploads\/2014\/01\/Boden3-300x225.jpg 300w, https:\/\/www.djupvik.se\/wp-content\/uploads\/2014\/01\/Boden3.jpg 400w\" sizes=\"(max-width: 280px) 100vw, 280px\" \/><\/a><p id=\"caption-attachment-64\" class=\"wp-caption-text\">K\u00f6ket i Boden<\/p><\/div>\n<div id=\"attachment_1318\" style=\"width: 291px\" class=\"wp-caption alignleft\"><a href=\"http:\/\/www.djupvik.se\/wp-content\/uploads\/2014\/01\/Gunvor4.jpg\"><img aria-describedby=\"caption-attachment-1318\" decoding=\"async\" loading=\"lazy\" class=\"wp-image-1318\" src=\"http:\/\/www.djupvik.se\/wp-content\/uploads\/2014\/01\/Gunvor4-300x224.jpg\" alt=\"\" width=\"281\" height=\"210\" srcset=\"https:\/\/www.djupvik.se\/wp-content\/uploads\/2014\/01\/Gunvor4-300x224.jpg 300w, https:\/\/www.djupvik.se\/wp-content\/uploads\/2014\/01\/Gunvor4-768x574.jpg 768w, https:\/\/www.djupvik.se\/wp-content\/uploads\/2014\/01\/Gunvor4-1024x765.jpg 1024w, https:\/\/www.djupvik.se\/wp-content\/uploads\/2014\/01\/Gunvor4-624x466.jpg 624w, https:\/\/www.djupvik.se\/wp-content\/uploads\/2014\/01\/Gunvor4.jpg 1080w\" sizes=\"(max-width: 281px) 100vw, 281px\" \/><\/a><p id=\"caption-attachment-1318\" class=\"wp-caption-text\">Rum i lilla Gunvors stuga<\/p><\/div>\n<p>\u00a0<\/p>\n\n\n<p><\/p>\n","protected":false},"excerpt":{"rendered":"<p>BODEN OCH GUNVORS STUGA P\u00c5 DJUPVIKS G\u00c5RD Vi hyr ut tv\u00e5 stugor p\u00e5 g\u00e5rden.\u00a0P\u00e5 g\u00e5rden finns tv\u00e5 hundar, tre katter, en kanin och n\u00e5gra ankor. Det finns \u00e4ven kor och kalvar men de flesta betar p\u00e5 en \u00f6. Ett par finns hemma.Omr\u00e5det \u00e4r barnv\u00e4nligt, n\u00e4ra till bad, djur, vandringleder, Kolm\u00e5rdens djurpark, N\u00e4vekvarn, S\u00f6derk\u00f6ping och Nyk\u00f6ping.Under [&hellip;]<\/p>\n","protected":false},"author":1,"featured_media":0,"parent":0,"menu_order":0,"comment_status":"closed","ping_status":"closed","template":"","meta":[],"_links":{"self":[{"href":"https:\/\/www.djupvik.se\/index.php?rest_route=\/wp\/v2\/pages\/2"}],"collection":[{"href":"https:\/\/www.djupvik.se\/index.php?rest_route=\/wp\/v2\/pages"}],"about":[{"href":"https:\/\/www.djupvik.se\/index.php?rest_route=\/wp\/v2\/types\/page"}],"author":[{"embeddable":true,"href":"https:\/\/www.djupvik.se\/index.php?rest_route=\/wp\/v2\/users\/1"}],"replies":[{"embeddable":true,"href":"https:\/\/www.djupvik.se\/index.php?rest_route=%2Fwp%2Fv2%2Fcomments&post=2"}],"version-history":[{"count":184,"href":"https:\/\/www.djupvik.se\/index.php?rest_route=\/wp\/v2\/pages\/2\/revisions"}],"predecessor-version":[{"id":2687,"href":"https:\/\/www.djupvik.se\/index.php?rest_route=\/wp\/v2\/pages\/2\/revisions\/2687"}],"wp:attachment":[{"href":"https:\/\/www.djupvik.se\/index.php?rest_route=%2Fwp%2Fv2%2Fmedia&parent=2"}],"curies":[{"name":"wp","href":"https:\/\/api.w.org\/{rel}","templated":true}]}}

<h1><span style="color: #008000;"><strong>BODEN OCH GUNVORS STUGA <br />PÅ DJUPVIKS GÅRD</strong></span></h1>
<p>Vi hyr ut två stugor på gården. <br />På gården finns två hundar, tre katter, en kanin och några ankor. Det finns även kor och kalvar men de flesta betar på en ö. Ett par finns hemma.<br />Området är barnvänligt, nära till bad, djur, vandringleder, Kolmårdens djurpark, Nävekvarn, Söderköping och Nyköping.<br />Under sommaren 2023 hyr vi helst ut veckovis men det går även att hyra dygnsvis. Boden är ca 45 m2 fördelad på två våningar. På övervåning två sovrum med totalt 5 bäddar. På undervåning kök och badrum. Fullt utrustat förutom diskmaskin. Boden är lagom för 2-5 personer.<br />Gunvors stuga är ca 30 m2 med ett arbetskök, gemensamt sovrum/vardagsrum, liten hall och litet badrum. Bekväm bäddsoffa och en våningssäng. Gunvors stuga är lagom för 1-4 personer. <br />Till båda stugorna finns trädgårdsmöbel och grill. En fin badplats med långgrund sandstrand erbjuds och på klipporna på udden har vi byggt ett vindskydd, perfekt för grillning i kvällssolen. En vedeldad bastu finns att hyra efter önskemål.</p>
<p>Lite mer information ser du under rubriken &#8221;stugor&#8221;.</p>
<div id="attachment_2287" style="width: 310px" class="wp-caption alignright"><a href="http://www.djupvik.se/wp-content/uploads/2019/05/Boden-gavel.jpg"><img aria-describedby="caption-attachment-2287" decoding="async" loading="lazy" class="wp-image-2287 size-medium" src="http://www.djupvik.se/wp-content/uploads/2019/05/Boden-gavel-300x200.jpg" alt="" width="300" height="200" srcset="https://www.djupvik.se/wp-content/uploads/2019/05/Boden-gavel-300x200.jpg 300w, https://www.djupvik.se/wp-content/uploads/2019/05/Boden-gavel-768x512.jpg 768w, https://www.djupvik.se/wp-content/uploads/2019/05/Boden-gavel.jpg 1024w, https://www.djupvik.se/wp-content/uploads/2019/05/Boden-gavel-624x416.jpg 624w" sizes="(max-width: 300px) 100vw, 300px" /></a><p id="caption-attachment-2287" class="wp-caption-text">          Bodens trädgård men nu med altan</p></div>
<p>Välkommen!<br />bokning@djupvik.se</p>
<p><i>Magdalena och Fredrik Svahn<br />Stina och Karl-Johan med barnen</i><br /><i>Erik, John och Sigrid</i></p>
<div id="attachment_64" style="width: 290px" class="wp-caption alignleft"><a href="http://www.djupvik.se/wp-content/uploads/2014/01/Boden3.jpg"><img aria-describedby="caption-attachment-64" decoding="async" loading="lazy" class=" wp-image-64" src="http://www.djupvik.se/wp-content/uploads/2014/01/Boden3-300x225.jpg" alt="" width="280" height="210" srcset="https://www.djupvik.se/wp-content/uploads/2014/01/Boden3-300x225.jpg 300w, https://www.djupvik.se/wp-content/uploads/2014/01/Boden3.jpg 400w" sizes="(max-width: 280px) 100vw, 280px" /></a><p id="caption-attachment-64" class="wp-caption-text">Köket i Boden</p></div>
<div id="attachment_1318" style="width: 291px" class="wp-caption alignleft"><a href="http://www.djupvik.se/wp-content/uploads/2014/01/Gunvor4.jpg"><img aria-describedby="caption-attachment-1318" decoding="async" loading="lazy" class="wp-image-1318" src="http://www.djupvik.se/wp-content/uploads/2014/01/Gunvor4-300x224.jpg" alt="" width="281" height="210" srcset="https://www.djupvik.se/wp-content/uploads/2014/01/Gunvor4-300x224.jpg 300w, https://www.djupvik.se/wp-content/uploads/2014/01/Gunvor4-768x574.jpg 768w, https://www.djupvik.se/wp-content/uploads/2014/01/Gunvor4-1024x765.jpg 1024w, https://www.djupvik.se/wp-content/uploads/2014/01/Gunvor4-624x466.jpg 624w, https://www.djupvik.se/wp-content/uploads/2014/01/Gunvor4.jpg 1080w" sizes="(max-width: 281px) 100vw, 281px" /></a><p id="caption-attachment-1318" class="wp-caption-text">Rum i lilla Gunvors stuga</p></div>
<p> </p>


<p></p>

<p>BODEN OCH GUNVORS STUGA PÅ DJUPVIKS GÅRD Vi hyr ut två stugor på gården. På gården finns två hundar, tre katter, en kanin och några ankor. Det finns även kor och kalvar men de flesta betar på en ö. Ett par finns hemma.Området är barnvänligt, nära till bad, djur, vandringleder, Kolmårdens djurpark, Nävekvarn, Söderköping och Nyköping.Under [&hellip;]</p>
